2 + 4*m**3 + 3*m - 23936 + 23940 - 2*m**3. Let q be r(6). What is the highest common divisor of q and 783?
29
Let h(t) = 5*t**2 + 449*t + 100. Let r be h(-95). Calculate the greatest common divisor of r and 10.
10
Let w be 2/(-7) - (-216)/21. Suppose 738 - 42 = 4*o. Let g = 284 - o. Calculate the highest common divisor of g and w.
10
Suppose 2*n = 3*n - 3*h, -5*h - 4 = -3*n. Suppose -t = -2*d + 1, -3*d = 4*t + n - 10. Suppose -2*g + g + d = 0. Calculate the highest common divisor of g and 3.
1
Suppose -6 = -17*i + 28. Let q be (-624)/13*(-3)/i. Calculate the highest common factor of 24 and q.
24
Let b be (0 - -62)*(-3317)/(-62). Calculate the highest common divisor of 93 and b.
31
Let t(w) = -2*w**3 - 100*w**2 - 456*w - 39. Let d be t(-45). What is the highest common factor of d and 99?
33
Suppose 0 = 3*q - 9 + 27. Let j be 38/4*(-4 - q). Suppose 17*f + 16*f + 7*f - 1520 = 0. Calculate the highest common factor of j and f.
19
Let x be 668/(-14) + -3 + 10/(-35). Let v = -47 - x. Suppose 0*o + 104 = v*o. Calculate the highest common divisor of o and 104.
26
Let p(j) = -j**3 + 16*j**2 - 14*j + 15. Let d = 45 - 30. Let w be p(d). Suppose 0 = 3*n + 1 - 16. Calculate the greatest common factor of n and w.
5
Let o = -26073 - -29977. Calculate the highest common factor of o and 832.
64
Let d = -2252 - -2385. What is the highest common factor of 6251 and d?
133
Let l(v) = 2*v**2 - 10*v + 12. Let n be l(8). Suppose 21*d = 4*p + 22*d - 299, -5*p + 366 = 9*d. Calculate the greatest common divisor of p and n.
15
Let o = -3039 + 3648. What is the greatest common divisor of 28 and o?
7
Suppose h = 6 + 5. Let q be (-1)/((66/1573)/(-6)). Calculate the greatest common factor of h and q.
11
Let m be ((-60)/(-2))/5 - (5 - 3). Let k be ((-7)/2)/(m*5/(-760)). Calculate the highest common factor of k and 38.
19
Let r(c) = 156*c**2 + 1480*c - 4. Let q be r(-11). Calculate the greatest common divisor of 384 and q.
96
Let p = -5 - -13. Let f(w) = -w**3 + 18*w**2 - 34*w + 297. Let n be f(17). Calculate the greatest common factor of n and p.
8
Let z = 3442 + -3074. Calculate the greatest common factor of 32 and z.
16
Suppose -10*p - 4 = 26. Let w be 9/3 - (-46 - 9/p). Suppose -10*q = -2264 - 1876. What is the highest common divisor of w and q?
46
Let m(n) = n**2 + 53*n - 306. Let w be m(6). Calculate the greatest common factor of 756 and w.
12
Let s be 32/(-6)*29/(-29)*(-12)/(-8). What is the greatest common factor of 4360 and s?
8
Suppose i = -2*m + 98, 684*i - 686*i = 5*m - 247. Calculate the highest common divisor of 5746 and m.
17
Suppose 0 = 3*x - 3*d + 15, x + 9*d + 8 = 11*d. Let s(u) = -12 - 2*u - 9*u - 16*u - 17*u. Let k be s(x). What is the highest common factor of k and 19?
19
Suppose -9*b - 30*b = -234. Suppose f - 33 = -n, -11*f + b*f + 3*n = -141. Suppose 0 = j + 3*j - 40. Calculate the highest common factor of j and f.
10
Let y(m) = m**2 - 4*m + 2. Let u be y(4). Suppose -u*d - 115 = 5*t + 3*d, -52 = 2*t - 4*d. Let k = t + 36. Calculate the highest common factor of k and 84.
12
Let q(f) = -12*f + 508. Let h be q(-23). What is the highest common divisor of 1904 and h?
112
Let q(y) = -720*y**3 - y**2 - 2*y - 1. Let z be q(-1). Suppose -75*r + 69*r + z = 0. What is the greatest common factor of r and 80?
40
Let s be (116/10)/((-13)/455)*(-11)/2. Calculate the greatest common factor of 58 and s.
29
Suppose f = 5*z + 501360, 2*z + 7*f + 200544 = 6*f. Let q be z/(-144) + 2/(-6). Calculate the highest common factor of q and 24.
24
Let i = -826 + 867. Suppose -36*w + i*w - 65 = 0. Calculate the highest common factor of w and 208.
13
Suppose -9*j + 66 = 3. Let o = j + 26. Let g(d) = 2*d**2 - 6*d - 9. Let y be g(-6). Calculate the highest common divisor of y and o.
33
Let k(j) = 86*j - 98. Let x(p) = -83*p + 97. Let z(v) = 5*k(v) + 6*x(v). Let d be z(0). Calculate the highest common factor of d and 322.
46
Let l = -2540 + 2385. Let b be (6/9)/((-2)/(-60)). Let j = b - l. What is the greatest common factor of 35 and j?
35
Let d(c) = -c**3 - 5*c**2 + 3*c - 5. Let r be 2/5*(-770)/(-44). Suppose -8*g = -7*g + r. Let i be d(g). Calculate the highest common divisor of 24 and i.
24
Let k = -2 + 237. Suppose -k = -4*b + 3*q + 434, 0 = 3*b - 3*q - 504. What is the highest common factor of 120 and b?
15
Let m(f) = 36*f - 1. Let g be m(1). Let w(d) = 2*d**3 + 2*d**2 + 9*d - 6. Let n be w(5). Let u = 619 - n. Calculate the highest common divisor of u and g.
35
Let n be -3*(178/18 + -1)*-3. Let d(v) = v**2 - 20*v + 29. Let i be d(21). What is the highest common divisor of n and i?
10
Let z(x) = -2*x**2 + 4*x + 549. Let t be z(-15). What is the highest common factor of 57 and t?
3
Let k be 2/(-15) - 7907020/(-1650). Calculate the highest common divisor of 8 and k.
8
Let y be (-15)/1*52/(-6). Let j = -22153 + 22173. What is the highest common factor of j and y?
10
Let p(x) = -x**2 + 12*x + 3. Let a be p(12). Suppose -a*t + 501 = -3*m, -4*t - 2*m = -t - 491. Calculate the highest common divisor of t and 66.
33
Let x = 146 + -155. Let h(k) = -15*k - 59. Let q be h(x). What is the highest common factor of 19 and q?
19
Let d(u) = u**3 - 79*u**2 - 237*u - 717. Let g be d(82). What is the greatest common factor of 711 and g?
3
Suppose -201*m + 205*m - 8 = 0. Suppose -7 = -h + 11. Let i = -8 + h. Calculate the highest common divisor of m and i.
2
Let z(p) = 96*p - 40. Let o be z(-17). Let f be o/(-20) + 2/5. Let g = f - 0. Calculate the greatest common divisor of g and 56.
28
Let d = 24081 + -22068. Calculate the highest common factor of 61 and d.
61
Suppose -137*w + 134*w + 3*n + 420 = 0, -4*w - n + 550 = 0. Calculate the highest common divisor of 2254 and w.
46
Suppose -492*r + 12 = -488*r. Let b(z) be the first derivative of -3*z**2 + 3*z + 6. Let o be b(-5). Calculate the greatest common divisor of o and r.
3
Let g = -989 - -364. Let a = g - -630. Calculate the highest common factor of a and 145.
5
Let g(u) = 3*u**3 - 8*u**2 + 5*u + 6. Let n be g(4). Calculate the highest common divisor of n and 7470.
90
Suppose 1873*p - 1803*p - 139370 = 0. Calculate the greatest common factor of p and 66.
11
Suppose 10 = 117*r - 115*r. Suppose -5*l + r*i = -815, -5*i + 3*i + 634 = 4*l. Calculate the highest common factor of l and 8.
8
Suppose -2*o + 3*o = 8. Suppose -20*w = 5*w - 1000. What is the greatest common divisor of o and w?
8
Let n(k) = -26*k - 1. Let f be n(-1). Suppose -2*m + 57 = -5*m. Let d = -14 - m. What is the greatest common divisor of f and d?
5
Let g = 120 - 81. Suppose g = -k + 95. Suppose 0*d + 4*l - k = -4*d, 2*d + 3*l - 26 = 0. What is the highest common factor of 40 and d?
8
Let r be 2650/14575 - (3112/(-66) + 4/(-6)). Calculate the highest common divisor of 33 and r.
3
Suppose -48*f + 46*f = -1098. Let c(g) = g**2 - 5*g - 43. Let d be c(13). Calculate the greatest common factor of d and f.
61
Let x(i) = -i**2 + 25*i - 33. Let d be 66/10*(-50)/(-15). Let k be x(d). What is the greatest common factor of k and 11?
11
Suppose 4*o = 6*o + 4*u - 338, -5 = u. Suppose 0 = 5*t - 5*j - o - 86, -5*t + 2*j = -262. Calculate the highest common divisor of 8 and t.
4
Let q = -44 - -47. Suppose -9*v - 36 = -q*v. Let l be ((-39)/(-6) - 2)*(-28)/v. What is the highest common factor of l and 14?
7
Let i(o) = 48*o + 564. Let p(d) = 10*d + 113. Let f(h) = -4*i(h) + 22*p(h). Let v be f(-8). What is the highest common divisor of v and 38?
2
Let w(c) = 7*c**3 + c**2. Let d be w(2). Let a be -56*((-345)/730 - 68/2482). What is the greatest common factor of d and a?
4
Suppose 3*z = -4*z + 21. Suppose 0 = -4*y - 11 + 3, 5*a - z*y - 426 = 0. Let u = a + -18. What is the highest common divisor of u and 6?
6
Let m = 56 + -60. Let g be ((-5)/(-2))/(m/(224/(-35))). Let c be 0 + -1 - (-10 + 3). Calculate the greatest common factor of g and c.
2
Let v(g) = -9*g**2 + 531*g + 190. Let p be v(57). Calculate the greatest common divisor of p and 96.
32
Suppose 217 = 9*t + 19. Let c = t + -18. Suppose 4*v - 320 = -c*k, -v - v = k - 157. What is the highest common factor of v and 7?
7
Let b be ((-7)/((-294)/228))/((-2 - -3)/7). Calculate the highest common divisor of b and 2242.
38
Let h be (3092/8)/(((-10)/4)/(-5)). Suppose 233 - h = -15*n. What is the greatest common factor of 180 and n?
36
Suppose -199 + 49